{"id":21859,"date":"2018-05-03T00:00:00","date_gmt":"2018-05-02T22:00:00","guid":{"rendered":"https:\/\/dev.fkv.de\/dev\/event\/via-brigitta-city-tour\/"},"modified":"2018-09-25T14:53:42","modified_gmt":"2018-09-25T12:53:42","slug":"via-brigitta-city-tour","status":"publish","type":"events","link":"https:\/\/www.fkv.de\/en\/events\/via-brigitta-city-tour\/","title":{"rendered":"Via Brigitta (City Tour)"},"content":{"rendered":"<p>Johannes Karl, Simon Zeller, Lisa Voigt, Kathrin Baumgartner (ATW Gie\u00dfen, Curatorial Studies \/ Goethe-Universit\u00e4t Frankfurt, HfG Offenbach)<\/p>\n<p>Installation, city tour, 60 min. (ground floor \/ 1st floor)<\/p>\n<p><u>Schedule:<\/u><br \/>\nThursday, May 3<br \/>\n21 \u2013 22:30 Pr\u00e4sentation mit anschlie\u00dfender Stadtf\u00fchrung<br \/>\n(Die Pr\u00e4sentation findet im 1. OG statt)<\/p>\n<p>Friday, May 4<br \/>\n14:30 \u2013 15:30 Stadtf\u00fchrung<br \/>\n17:30 \u2013 18:30 City tour in english<br \/>\n20:30 \u2013 21:30 Nachtf\u00fchrung<\/p>\n<p>Saturday, May 5<br \/>\n15:30 \u2013 16:30 Stadtf\u00fchrung<br \/>\n18:30 \u2013 19:30 Stadtf\u00fchrung<br \/>\n21:30 \u2013 22:30 City night tour in english<br \/>\n00:30 \u2013 01:30 Nachtf\u00fchrung<\/p>\n<p>Sunday, May 6<br \/>\n14:30 \u2013 15:30 Stadtf\u00fchrung<br \/>\n17:30 \u2013 18:30 City tour in english<br \/>\n20:30 \u2013 21:30 Nachtf\u00fchrung<\/p>\n<p>Meetingpoint in the entrance hall.<\/p>\n","protected":false},"excerpt":{"rendered":"<p>Johannes Karl, Simon Zeller, Lisa Voigt, Kathrin Baumgartner (ATW Gie\u00dfen, Curatorial Studies \/ Goethe-Universit\u00e4t Frankfurt, HfG Offenbach) Installation, city tour, 60 min. (ground floor \/ 1st floor) Schedule: Thursday, May 3 21 \u2013 22:30 Pr\u00e4sentation mit anschlie\u00dfender Stadtf\u00fchrung (Die Pr\u00e4sentation findet im 1. OG statt) Friday, May 4 14:30 \u2013 15:30 Stadtf\u00fchrung 17:30 \u2013 18:30 <a href=\"https:\/\/www.fkv.de\/en\/events\/via-brigitta-city-tour\/\" class=\"more-link\">&#8230;<\/a><\/p>\n","protected":false},"author":1,"featured_media":11705,"menu_order":0,"template":"","meta":{"_acf_changed":false,"footnotes":""},"class_list":["post-21859","events","type-events","status-publish","has-post-thumbnail","hentry"],"acf":[],"_links":{"self":[{"href":"https:\/\/www.fkv.de\/en\/wp-json\/wp\/v2\/events\/21859","targetHints":{"allow":["GET"]}}],"collection":[{"href":"https:\/\/www.fkv.de\/en\/wp-json\/wp\/v2\/events"}],"about":[{"href":"https:\/\/www.fkv.de\/en\/wp-json\/wp\/v2\/types\/events"}],"author":[{"embeddable":true,"href":"https:\/\/www.fkv.de\/en\/wp-json\/wp\/v2\/users\/1"}],"version-history":[{"count":0,"href":"https:\/\/www.fkv.de\/en\/wp-json\/wp\/v2\/events\/21859\/revisions"}],"wp:featuredmedia":[{"embeddable":true,"href":"https:\/\/www.fkv.de\/en\/wp-json\/wp\/v2\/media\/11705"}],"wp:attachment":[{"href":"https:\/\/www.fkv.de\/en\/wp-json\/wp\/v2\/media?parent=21859"}],"curies":[{"name":"wp","href":"https:\/\/api.w.org\/{rel}","templated":true}]}}

<p>Johannes Karl, Simon Zeller, Lisa Voigt, Kathrin Baumgartner (ATW Gießen, Curatorial Studies / Goethe-Universität Frankfurt, HfG Offenbach)</p>
<p>Installation, city tour, 60 min. (ground floor / 1st floor)</p>
<p><u>Schedule:</u><br />
Thursday, May 3<br />
21 – 22:30 Präsentation mit anschließender Stadtführung<br />
(Die Präsentation findet im 1. OG statt)</p>
<p>Friday, May 4<br />
14:30 – 15:30 Stadtführung<br />
17:30 – 18:30 City tour in english<br />
20:30 – 21:30 Nachtführung</p>
<p>Saturday, May 5<br />
15:30 – 16:30 Stadtführung<br />
18:30 – 19:30 Stadtführung<br />
21:30 – 22:30 City night tour in english<br />
00:30 – 01:30 Nachtführung</p>
<p>Sunday, May 6<br />
14:30 – 15:30 Stadtführung<br />
17:30 – 18:30 City tour in english<br />
20:30 – 21:30 Nachtführung</p>
<p>Meetingpoint in the entrance hall.</p>

<p>Johannes Karl, Simon Zeller, Lisa Voigt, Kathrin Baumgartner (ATW Gießen, Curatorial Studies / Goethe-Universität Frankfurt, HfG Offenbach) Installation, city tour, 60 min. (ground floor / 1st floor) Schedule: Thursday, May 3 21 – 22:30 Präsentation mit anschließender Stadtführung (Die Präsentation findet im 1. OG statt) Friday, May 4 14:30 – 15:30 Stadtführung 17:30 – 18:30 <a href="https://www.fkv.de/en/events/via-brigitta-city-tour/" class="more-link">&#8230;</a></p>
