{"id":36991,"date":"2022-08-19T18:47:55","date_gmt":"2022-08-19T16:47:55","guid":{"rendered":"https:\/\/www.fkv.de\/?post_type=events&#038;p=36991"},"modified":"2023-01-09T16:55:33","modified_gmt":"2023-01-09T15:55:33","slug":"remembrance-and-clearification-nsu-dessau-halle-hanau-the-struggle-of-the-relatives-and-survivors","status":"publish","type":"events","link":"https:\/\/www.fkv.de\/en\/events\/remembrance-and-clearification-nsu-dessau-halle-hanau-the-struggle-of-the-relatives-and-survivors\/","title":{"rendered":"Remembrance and clarification: NSU, Dessau, Halle, Hanau &#8211; the struggle of the relatives and survivors"},"content":{"rendered":"<p>At the end of the exhibition Three Doors, relatives of victims of racist and anti-Semitic violence as well as survivors and supporters will discuss their experiences and perspectives in their fight for remembrance and clarification.<\/p>\n<p><strong>Invited are:<\/strong><\/p>\n<p><strong>Gamze Kuba\u015f\u0131k<\/strong>, daughter of Mehmet Kuba\u015f\u0131k, who was murdered by the NSU in Dortmund on 4 April 2006 &#8211; <a href=\"https:\/\/tagdersolidaritaet.wordpress.com\">https:\/\/tagdersolidaritaet.wordpress.com<\/a><\/p>\n<p><strong>\u0130smet Teki<\/strong>n, survivor of the anti-Semitic and racist attack in Halle and Wiedersdorf &#8211; <a href=\"https:\/\/www.instagram.com\/tekiez_cafe\/\">https:\/\/www.instagram.com\/tekiez_cafe\/<\/a><\/p>\n<p><strong>Mouctar Bah<\/strong> from the Initiative in Memory of Oury Jalloh &#8211; <a href=\"https:\/\/initiativeouryjalloh.wordpress.com\">https:\/\/initiativeouryjalloh.wordpress.com<\/a><\/p>\n<p><strong>\u00c7etin G\u00fcltekin<\/strong> from the Initiative 19 February Hanau &#8211; <a href=\"https:\/\/19feb-hanau.org\">https:\/\/19feb-hanau.org<\/a><\/p>\n<p>Moderated by <strong>Aisha Camara<\/strong><\/p>\n<div>\n<p>The event takes place in the context of the exhibition <em>Three Doors \u2013 Forensic Architecture\/Forensis, Initiative 19. Februar Hanau, Initiative in Gedenken an Oury Jalloh<\/em> and is part of the <em>Forum kollektiver Wahrheitsfindung<\/em>.Pre-registration via email to <a href=\"mailto:%20post@fkv.de\">post(at)fkv.de<\/a>. The event is free of charge and takes place in German.<\/p>\n<\/div>\n","protected":false},"excerpt":{"rendered":"<p>At the end of the exhibition Three Doors, relatives of victims of racist and anti-Semitic violence as well as survivors and supporters will discuss their experiences and perspectives in their fight for remembrance and clarification. Invited are: Gamze Kuba\u015f\u0131k, daughter of Mehmet Kuba\u015f\u0131k, who was murdered by the NSU in Dortmund on 4 April 2006 <a href=\"https:\/\/www.fkv.de\/en\/events\/remembrance-and-clearification-nsu-dessau-halle-hanau-the-struggle-of-the-relatives-and-survivors\/\" class=\"more-link\">&#8230;<\/a><\/p>\n","protected":false},"author":1,"featured_media":36052,"menu_order":0,"template":"","meta":{"_acf_changed":false,"footnotes":""},"class_list":["post-36991","events","type-events","status-publish","has-post-thumbnail","hentry"],"acf":[],"_links":{"self":[{"href":"https:\/\/www.fkv.de\/en\/wp-json\/wp\/v2\/events\/36991","targetHints":{"allow":["GET"]}}],"collection":[{"href":"https:\/\/www.fkv.de\/en\/wp-json\/wp\/v2\/events"}],"about":[{"href":"https:\/\/www.fkv.de\/en\/wp-json\/wp\/v2\/types\/events"}],"author":[{"embeddable":true,"href":"https:\/\/www.fkv.de\/en\/wp-json\/wp\/v2\/users\/1"}],"version-history":[{"count":0,"href":"https:\/\/www.fkv.de\/en\/wp-json\/wp\/v2\/events\/36991\/revisions"}],"wp:featuredmedia":[{"embeddable":true,"href":"https:\/\/www.fkv.de\/en\/wp-json\/wp\/v2\/media\/36052"}],"wp:attachment":[{"href":"https:\/\/www.fkv.de\/en\/wp-json\/wp\/v2\/media?parent=36991"}],"curies":[{"name":"wp","href":"https:\/\/api.w.org\/{rel}","templated":true}]}}

<p>At the end of the exhibition Three Doors, relatives of victims of racist and anti-Semitic violence as well as survivors and supporters will discuss their experiences and perspectives in their fight for remembrance and clarification.</p>
<p><strong>Invited are:</strong></p>
<p><strong>Gamze Kubaşık</strong>, daughter of Mehmet Kubaşık, who was murdered by the NSU in Dortmund on 4 April 2006 &#8211; <a href="https://tagdersolidaritaet.wordpress.com">https://tagdersolidaritaet.wordpress.com</a></p>
<p><strong>İsmet Teki</strong>n, survivor of the anti-Semitic and racist attack in Halle and Wiedersdorf &#8211; <a href="https://www.instagram.com/tekiez_cafe/">https://www.instagram.com/tekiez_cafe/</a></p>
<p><strong>Mouctar Bah</strong> from the Initiative in Memory of Oury Jalloh &#8211; <a href="https://initiativeouryjalloh.wordpress.com">https://initiativeouryjalloh.wordpress.com</a></p>
<p><strong>Çetin Gültekin</strong> from the Initiative 19 February Hanau &#8211; <a href="https://19feb-hanau.org">https://19feb-hanau.org</a></p>
<p>Moderated by <strong>Aisha Camara</strong></p>
<div>
<p>The event takes place in the context of the exhibition <em>Three Doors – Forensic Architecture/Forensis, Initiative 19. Februar Hanau, Initiative in Gedenken an Oury Jalloh</em> and is part of the <em>Forum kollektiver Wahrheitsfindung</em>.Pre-registration via email to <a href="mailto:%20post@fkv.de">post(at)fkv.de</a>. The event is free of charge and takes place in German.</p>
</div>

<p>At the end of the exhibition Three Doors, relatives of victims of racist and anti-Semitic violence as well as survivors and supporters will discuss their experiences and perspectives in their fight for remembrance and clarification. Invited are: Gamze Kubaşık, daughter of Mehmet Kubaşık, who was murdered by the NSU in Dortmund on 4 April 2006 <a href="https://www.fkv.de/en/events/remembrance-and-clearification-nsu-dessau-halle-hanau-the-struggle-of-the-relatives-and-survivors/" class="more-link">&#8230;</a></p>
