{"id":38611,"date":"2023-02-21T12:56:45","date_gmt":"2023-02-21T11:56:45","guid":{"rendered":"https:\/\/www.fkv.de\/events\/artist-talk-mit-benedikt-ackermann-rashiyah-elanga-und-nassim-lghoul\/"},"modified":"2023-03-01T17:24:46","modified_gmt":"2023-03-01T16:24:46","slug":"artist-talk-mit-benedikt-ackermann-rashiyah-elanga-und-nassim-lghoul","status":"publish","type":"events","link":"https:\/\/www.fkv.de\/en\/events\/artist-talk-mit-benedikt-ackermann-rashiyah-elanga-und-nassim-lghoul\/","title":{"rendered":"Artist Talk with Benedikt Ackermann, Rashiyah Elanga and Nassim L&#8217;Ghoul"},"content":{"rendered":"<p>During a tour through the exhibition <em>And This is Us 2023<\/em>, the audience will be able to talk to the artists Benedikt Ackermann, Rashiyah Elanga and Nassim L&#8217;Ghoul. The conversation will be moderated by Franziska Nori and will take place in German and English.<\/p>\n<p>Benedikt Ackermann (*1994 in Frankfurt am Main, DE) works mainly with photography, video and digital media. Since 2019 he has been studying at the Hochschule f\u00fcr Bildende K\u00fcnste &#8211; St\u00e4delschule in Frankfurt am Main (DE) under Prof. Gerard Byrne and Prof. Haegue Yang. Previously, he studied philosophy at the Goethe University Frankfurt am Main (DE). Among others, Benedikt Ackermann has exhibited at Museum f\u00fcr Angewandte Kunst, Frankfurt am Main (DE) and at Goethe Institut, Dublin (IE).<\/p>\n<p>Rashiyah Elanga (*1997 in FR) graduated in 2022 from the Hochschule f\u00fcr Bildende K\u00fcnste &#8211; St\u00e4delschule in Frankfurt am Main (DE) under Prof. Gerard Byrne and before that in 2019 from the National Fine Art School of Lyon (FR). She works mainly with video, sculpture and performance. Among others, Rashiyah Elanga has exhibited at the following institutions: Macro Museo, Rome (IT), 4redeyes, Zurich (CH), Centre d&#8217;art Arsenic, Lausanne (CH), Cherish, Geneva (CH), Palmengarten, Frankfurt am Main (DE), Mountain Gallery, Berlin (DE). 2020 she won the Rundgang Prize from the Hochschule f\u00fcr Bildende K\u00fcnste \u2013 St\u00e4delschule.<\/p>\n<p>Nassim L&#8217;Ghoul (*1997 in Bad Soden, DE) studies electronic media at the Hochschule f\u00fcr Gestaltung Offenbach (DE) under Prof. Alexander Oppermann since 2017. In 2020 he studied at the Academy of Fine Arts in Vienna (AT). He has won numerous prizes, including a scholarship from the Studienstiftung des deutschen Volkes and the Rundgang Prize of the Hochschule f\u00fcr Gestaltung Offenbach. Among others, Nassim L&#8217;Ghoul exhibited his work at the following institutions: Zollamt Studios, Offenbach am Main (DE), L187, Offenbach am Main (DE), Magma Maria, Offenbach am Main (DE) and at the Best Austrian Animation Festival, Vienna (AT).<\/p>\n<p>Admission is free of charge. Registration is not required.<\/p>\n","protected":false},"excerpt":{"rendered":"<p>During a tour through the exhibition And This is Us 2023, the audience will be able to talk to the artists Benedikt Ackermann, Rashiyah Elanga and Nassim L&#8217;Ghoul. The conversation will be moderated by Franziska Nori and will take place in German and English. Benedikt Ackermann (*1994 in Frankfurt am Main, DE) works mainly with <a href=\"https:\/\/www.fkv.de\/en\/events\/artist-talk-mit-benedikt-ackermann-rashiyah-elanga-und-nassim-lghoul\/\" class=\"more-link\">&#8230;<\/a><\/p>\n","protected":false},"author":1,"featured_media":38605,"menu_order":0,"template":"","meta":{"_acf_changed":false,"footnotes":""},"class_list":["post-38611","events","type-events","status-publish","has-post-thumbnail","hentry"],"acf":[],"_links":{"self":[{"href":"https:\/\/www.fkv.de\/en\/wp-json\/wp\/v2\/events\/38611","targetHints":{"allow":["GET"]}}],"collection":[{"href":"https:\/\/www.fkv.de\/en\/wp-json\/wp\/v2\/events"}],"about":[{"href":"https:\/\/www.fkv.de\/en\/wp-json\/wp\/v2\/types\/events"}],"author":[{"embeddable":true,"href":"https:\/\/www.fkv.de\/en\/wp-json\/wp\/v2\/users\/1"}],"version-history":[{"count":0,"href":"https:\/\/www.fkv.de\/en\/wp-json\/wp\/v2\/events\/38611\/revisions"}],"wp:featuredmedia":[{"embeddable":true,"href":"https:\/\/www.fkv.de\/en\/wp-json\/wp\/v2\/media\/38605"}],"wp:attachment":[{"href":"https:\/\/www.fkv.de\/en\/wp-json\/wp\/v2\/media?parent=38611"}],"curies":[{"name":"wp","href":"https:\/\/api.w.org\/{rel}","templated":true}]}}

<p>During a tour through the exhibition <em>And This is Us 2023</em>, the audience will be able to talk to the artists Benedikt Ackermann, Rashiyah Elanga and Nassim L&#8217;Ghoul. The conversation will be moderated by Franziska Nori and will take place in German and English.</p>
<p>Benedikt Ackermann (*1994 in Frankfurt am Main, DE) works mainly with photography, video and digital media. Since 2019 he has been studying at the Hochschule für Bildende Künste &#8211; Städelschule in Frankfurt am Main (DE) under Prof. Gerard Byrne and Prof. Haegue Yang. Previously, he studied philosophy at the Goethe University Frankfurt am Main (DE). Among others, Benedikt Ackermann has exhibited at Museum für Angewandte Kunst, Frankfurt am Main (DE) and at Goethe Institut, Dublin (IE).</p>
<p>Rashiyah Elanga (*1997 in FR) graduated in 2022 from the Hochschule für Bildende Künste &#8211; Städelschule in Frankfurt am Main (DE) under Prof. Gerard Byrne and before that in 2019 from the National Fine Art School of Lyon (FR). She works mainly with video, sculpture and performance. Among others, Rashiyah Elanga has exhibited at the following institutions: Macro Museo, Rome (IT), 4redeyes, Zurich (CH), Centre d&#8217;art Arsenic, Lausanne (CH), Cherish, Geneva (CH), Palmengarten, Frankfurt am Main (DE), Mountain Gallery, Berlin (DE). 2020 she won the Rundgang Prize from the Hochschule für Bildende Künste – Städelschule.</p>
<p>Nassim L&#8217;Ghoul (*1997 in Bad Soden, DE) studies electronic media at the Hochschule für Gestaltung Offenbach (DE) under Prof. Alexander Oppermann since 2017. In 2020 he studied at the Academy of Fine Arts in Vienna (AT). He has won numerous prizes, including a scholarship from the Studienstiftung des deutschen Volkes and the Rundgang Prize of the Hochschule für Gestaltung Offenbach. Among others, Nassim L&#8217;Ghoul exhibited his work at the following institutions: Zollamt Studios, Offenbach am Main (DE), L187, Offenbach am Main (DE), Magma Maria, Offenbach am Main (DE) and at the Best Austrian Animation Festival, Vienna (AT).</p>
<p>Admission is free of charge. Registration is not required.</p>
